 + 9*k. Calculate the remainder when 48 is divided by h(k).
14
Let l(d) = d**2 - 58*d - 303. Suppose 5*o - u - 7 = -4*u, -2*u = 2. Suppose -29 = -o*y + 39. What is the remainder when y is divided by l(-5)?
10
Suppose 0 = x - 2*n + n + 34, -3*x + 4*n - 99 = 0. What is the remainder when 5 + (0 - x/1) is divided by 15?
12
Suppose 0 = -2*b + 154 - 46. Let i be 2/(-3) - 856/12. What is the remainder when b is divided by 16/i - 128/(-9)?
12
Let y be (2*(-3)/9)/(1/(-30)). Calculate the remainder when 27 is divided by (y/(-6))/((-104)/24 + 4).
7
Let w = -291 - -420. What is the remainder when w is divided by 5?
4
Suppose -3*a + 3*f + 25 + 65 = 0, 115 = 4*a - 3*f. What is the remainder when (-5)/((-10)/252) - 3 is divided by a?
23
Suppose 6*v - 2*v = 24. Calculate the remainder when (-3 - -1)*(1 - v) is divided by 4.
2
Suppose -56*w + 10641 = -38135. What is the remainder when w is divided by 289?
4
Let m = 55 + -13. Calculate the remainder when m is divided by (-75)/20*(2 - 6).
12
Suppose x = 0, -5*f - x + 50 = -0*x. What is the remainder when f is divided by 6?
4
Let w(l) be the third derivative of l**5/60 + 7*l**4/24 + 5*l**3/6 + 10*l**2. What is the remainder when w(7) is divided by 27?
22
Suppose -l + 343 = -3*k, -3*l + 10*k - 15*k = -1099. Calculate the remainder when l is divided by 12.
10
Suppose 92 = 4*c - 116. Calculate the remainder when c is divided by 28.
24
Suppose p - 2*v - 105 = 0, 0 = -p - 0*v - 2*v + 125. Calculate the remainder when 118 is divided by p.
3
Suppose 149*c - 148*c = 215. What is the remainder when c is divided by 33?
17
Suppose 0*q - q = 4, 0 = 4*f - 5*q - 32. Suppose 0*s = f*s - 27. Calculate the remainder when (-22 - 8/4)/(-1) is divided by s.
6
Suppose 0 = 42*c - 51*c + 756. What is the remainder when 245 is divided by c?
77
Let n(w) = w + 39. Calculate the remainder when n(-3) is divided by 14.
8
Let o(r) = -36*r. Let y(z) = -72*z + 1. Let j(n) = -5*o(n) + 2*y(n). Suppose -22 = 4*t - 30. Calculate the remainder when j(t) is divided by 25.
24
Let q be (-4 - -10) + 3 + 1. Let z be (q - 14) + 7 + 2. Suppose z*w + 16 = 101. Calculate the remainder when 65 is divided by w.
14
Let h(j) = -73*j. Let q be h(-1). Suppose -3*f + 2*f = 2, -5*d + q = f. Calculate the remainder when d is divided by 4.
3
Suppose 5*m - 85 - 40 = -5*p, -72 = -3*p - 4*m. What is the remainder when 96 is divided by p?
12
Let b = 177 - -1180. Calculate the remainder when b is divided by 20.
17
Suppose -13 = -f - 7*t + 5*t, t = 2*f - 16. Suppose -23 = -2*a + 45. What is the remainder when a is divided by f?
7
Suppose -11 = -6*o + 7. Suppose -47 = -o*i + 37. What is the remainder when 138 is divided by i?
26
Let b = 4 + 1. Calculate the remainder when 222/16 - -3 - 7/(-56) is divided by b.
2
Let b(m) = 2*m**3 - 3*m**2 + 2*m + 1. Let p = 4 - 2. Let t be b(p). Let v(j) = -j**3 + 9*j**2 + 5*j + 1. Calculate the remainder when v(t) is divided by 12.
10
Let j(d) = -d**3 - 2*d**2 + 17*d + 22. Calculate the remainder when j(-7) is divided by 30.
28
Let m(i) = i**2 - 4*i + 1. Let d(v) = 2*v - 1. Let p be d(3). Suppose 4*c - 2*c + 29 = p*w, -w + c = -7. What is the remainder when 11 is divided by m(w)?
5
Suppose -5*t + 4*j = -171, -234 = -4*t + 2*j - 96. Let g = -19 + 27. Let u = t - g. Calculate the remainder when 105 is divided by u.
24
Let x = 312 - 176. Let m = 1555 - 1532. Calculate the remainder when x is divided by m.
21
Let h = 7 - 4. Suppose -h*w + 181 = -5*q, -175 = -3*w - q + 3*q. Calculate the remainder when w is divided by 40/1*(-2)/(-4).
17
Let j = 28 - 37. Let f = 134 - 71. Let y = f + j. What is the remainder when y is divided by 14?
12
Suppose -3 = -i + 3. Let v(q) = q**3 - 4*q**2 - 9*q + 5. Calculate the remainder when v(i) is divided by 3.
2
Suppose -7*c = -1515 + 1445. Suppose o = -4*o + 35. Calculate the remainder when c is divided by o.
3
Let j = 875 - 854. Calculate the remainder when 59 is divided by j.
17
Suppose -74 = 24*g - 434. Suppose 268 = 3*u - 0*u + 5*k, 78 = u - 4*k. Calculate the remainder when u is divided by g.
11
Let g(h) = 6*h**3 + 3*h**2 - 4*h + 3. Let r(f) = -7*f - 91. Calculate the remainder when g(2) is divided by r(-15).
13
Let q = 6 - 8. Suppose 362*p = 398*p - 396. Calculate the remainder when 289/7 + q/7 is divided by p.
8
Let h = 20 - 14. Suppose -2*k - h = -3*p, 5*p + 2*k - 26 = -0*p. Suppose 3*x - p*x = -4. What is the remainder when 6 is divided by x?
2
Let s(g) = -g**3 + 18*g**2 - 18*g + 41. Calculate the remainder when 70 is divided by s(17).
22
Let u = 6 - 13. Let h(j) = -j**2 - 6*j + 9. Let q be h(u). Suppose -13 + 1 = -q*i. Calculate the remainder when i is divided by 4.
2
Let n(j) = 19*j**2 - 14*j + 4. What is the remainder when n(-2) is divided by 25?
8
Let i = 285 - 248. Calculate the remainder when 250 is divided by i.
28
Let w be (1/(-3))/((-15)/(-90)). What is the remainder when 86 + 4 + (w*3)/2 is divided by 15?
12
Let o = 1020 + -926. Calculate the remainder when o is divided by 52.
42
Suppose -3488 = -29*t + 543. What is the remainder when t is divided by 36?
31
Suppose 0 = -2*l - 6 - 4, -5*h - 3*l = -395. Let a = 171 - h. What is the remainder when a is divided by 13?
11
Let j(w) = 2*w - 49. Let n be j(26). Suppose -n*m = -12, b - 19 = -3*m + 14. Calculate the remainder when 61 is divided by b.
19
Let t = -252 + 287. What is the remainder when 122 is divided by t?
17
Let v be ((-4)/(-12))/((-3)/(-99)). Let z(r) = r**2 - 8*r - 8. Let d be z(v). Suppose d = 5*c - 0. What is the remainder when c is divided by 3?
2
Suppose a - 4 = 2*n - n, 2*a - 3*n = 3. Suppose a*o - 175 = 311. Calculate the remainder when o is divided by 14.
12
Let i(w) = -w**3 - 2*w**2 - w - 7. Suppose -6 - 3 = 2*y - 3*t, 3 = 3*t. Calculate the remainder when 33 is divided by i(y).
3
Let x(q) = 13*q - 12. Let b(t) = 53*t - 47. Let s(l) = -2*b(l) + 9*x(l). Calculate the remainder when s(7) is divided by 32.
31
Suppose 5*x - 59 = 6. Suppose u + 18 = 21. Calculate the remainder when x is divided by u.
1
Suppose 8*r - 12*r = -2*i + 54, 5 = r. Suppose -53 = -3*z + 268. Calculate the remainder when z is divided by i.
33
Let q(m) = m**2 + 2*m - 3. Let z be q(-3). Suppose 2*p - 80 - 2 = z. Let f = 29 - 15. Calculate the remainder when p is divided by f.
13
Let z = -2 + -19. Calculate the remainder when 28 is divided by (-7)/z*(0 - -18).
4
Suppose -l = 5*t - 16 - 12, -3*t = 0. What is the remainder when l is divided by 6?
4
Let a(g) = g**2 + 3. Let y be a(0). What is the remainder when 1/y + 536/12 is divided by (1 - 19)*6/(-9)?
9
Suppose 0 = -2*s + 36. Suppose -4*p + 3*p + 4*f = -59, 15 = 5*f. What is the remainder when p is divided by s?
17
Let h = -47 - -72. Calculate the remainder when 148 is divided by h.
23
Let c(d) be the second derivative of d**4/12 - d**3 + 19*d**2/2 - 49*d. What is the remainder when c(16) is divided by 46?
41
Let c(s) = s + 18. Suppose -2*i + 4*t - 34 = 0, 3*t - 26 = i - 2*t. Calculate the remainder when 12 is divided by c(i).
5
Suppose -160 = 17*r - 21*r. What is the remainder when r is divided by 19?
2
Let j(h) = 33*h - 69. Let t(r) = 8*r - 17. Let a(n) = -2*j(n) + 9*t(n). Calculate the remainder when a(9) is divided by 10.
9
Suppose 237 = 2*a + 2*g - 65, 3 = -g. Suppose 2*u - 12 = 50. What is the remainder when a is divided by u?
30
Let z = -9 + 11. Suppose 6*i - 16 = z*i. Suppose n = -i*n + 135. What is the remainder when n is divided by 10?
7
Let k(t) = -t**3 - 4*t**2 - 4*t - 3. Let d be k(-3). Suppose 2*x + d*x = 32. What is the remainder when 46 is divided by x?
14
Let i(l) = -l - 5. Let u be i(-8). Let d be (-4 - -7)/u*7. Let h(b) = b - 2. Calculate the remainder when 17 is divided by h(d).
2
Let y(x) = x**2 - x + 3. Let t be y(0). Suppose 3*z = z + 2, 0 = 5*s - 3*z + t. Suppose -4*v + 8*v - 68 = s. Calculate the remainder when v is divided by 5.
2
Suppose 0 = -t - 0 - 8. Let n(r) = -r**3 + 10*r**2 + 14*r + 1. What is the remainder when n(11) is divided by (-2)/(-4) + (-140)/t?
16
Suppose 2*m = 5*w - 2*w - 48, -2*w + 5*m + 21 = 0. Calculate the remainder when 70 is divided by w.
16
Let b(o) = -o**2 + 8*o - 12. Let z be b(5). Suppose 12 + 21 = 2*m + z*r, 20 = 5*m - 5*r. Calculate the remainder when 34 is divided by m.
7
Suppose 3*h + 31 = 166. Let q = h - 26. Suppose -34 = -m - 4*y, 5*m - m - 2*y - 226